base 15?
-2b312
Convert -4958683 (base 10) to base 3.
-100022221000221
What is 131010321 (base 4) in base 12?
58b09
-3408 (base 16) to base 14
-4bd6
20646461 (base 7) to base 13
498026
-b35053 (base 12) to base 4
-22231203333
What is -38c2e (base 15) in base 8?
-542563
Convert -54504324 (base 6) to base 14.
-3048b2
What is -8970b7 (base 12) in base 9?
-4106404
1013021213 (base 4) to base 5
33311211
Convert -743694 (base 12) to base 5.
-432042203
What is -400223235 (base 6) in base 2?
-11001101100110111000111
Convert 21c76 (base 13) to base 3.
10010021201
What is 45282 (base 10) in base 3?
2022010010
Convert 10110001101100111000 (base 2) to base 14.
14d384
Convert -16207a (base 11) to base 8.
-753376
3544435 (base 8) to base 12
3a8911
What is 2cdade (base 15) in base 2?
1000010010011010101000
What is -32a9a0 (base 11) in base 9?
-882743
Convert -1255250 (base 9) to base 10.
-686196
5832 (base 16) to base 15
6a53
What is 1202001000002 (base 3) in base 12?
387948
-112125 (base 8) to base 7
-215465
What is 2001103231 (base 4) in base 16?
814ed
103020202103 (base 4) to base 9
10384218
What is -1132043034 (base 5) in base 13?
-70602a
73b9 (base 15) to base 6
305150
Convert 10112110100 (base 3) to base 16.
10fd4
100110111101001100 (base 2) to base 13
57822
-453027 (base 10) to base 14
-bb151
What is 32204222 (base 5) in base 3?
111211201021
What is 42655 (base 8) in base 14?
6701
What is 22352033 (base 7) in base 14?
38901a
What is 230320032 (base 4) in base 14?
4adc2
-1122122010000 (base 3) to base 9
-1578100
212101111120 (base 3) to base 5
104212430
Convert 702466 (base 8) to base 14.
60114
What is 10112111120020 (base 3) in base 10?
1879773
Convert 1766010 (base 9) to base 4.
3301111311
Convert 213662 (base 8) to base 9.
118187
Convert -15545 (base 8) to base 5.
-211023
What is 2211211110012 (base 3) in base 2?
101110001001101010011
What is -2340322 (base 6) in base 10?
-121946
Convert -555493 (base 10) to base 2.
-10000111100111100101
Convert 32812a (base 11) to base 14.
d8980
44353 (base 14) to base 3
22101202021
-169972 (base 11) to base 6
-5341100
What is -4577051 (base 8) in base 15?
-198c0d
14b75a (base 14) to base 2
10110000100010110100
What is 1ce2f (base 16) in base 6?
2311435
6313427 (base 9) to base 15
469e7a
Convert 13444052 (base 6) to base 13.
130088
What is -434443 (base 9) in base 4?
-333101112
What is -42301000 (base 6) in base 2?
-100101101111001111000
Convert -1000010011001000010000 (base 2) to base 5.
-1024104004
9cf4fc (base 16) to base 12
35408a4
Convert 118ba2 (base 13) to base 5.
101410141
Convert -10201232330 (base 4) to base 12.
-492938
What is -23320202 (base 4) in base 3?
-2110202202
130494 (base 15) to base 3
1201100102111
What is 58935 (base 13) in base 8?
474232
-4433226 (base 7) to base 16
-8557e
Convert -20030102 (base 5) to base 12.
-77634
-3371ba (base 14) to base 10
-1748288
-3612482 (base 9) to base 8
-7356252
Convert 31065060 (base 7) to base 5.
1131320231
What is -12202233 (base 5) in base 14?
-30379
Convert -771450 (base 8) to base 9.
-434067
What is 156d8b (base 15) in base 11?
648242
What is 5013c6 (base 13) in base 8?
7057403
Convert 23546304 (base 7) to base 10.
2095881
Convert 1112020011 (base 3) to base 7.
153424
What is -3909c (base 15) in base 13?
-65037
What is -1011001010000110110101 (base 2) in base 10?
-2924981
-3276261 (base 10) to base 15
-44ab26
Convert 1049a55 (base 12) to base 14.
5a48b7
What is 1113321331 (base 4) in base 12?
154451
-1346145 (base 8) to base 10
-380005
What is 88aa7a (base 12) in base 16?
21317e
230a2 (base 11) to base 9
50716
c064c (base 15) to base 6
21015030
Convert 12202020201 (base 3) to base 8.
335030
6417105 (base 8) to base 7
20356223
Convert -222221020 (base 3) to base 7.
-111150
What is c2770 (base 15) in base 2?
10010110010111111010
Convert -12202101220012 (base 3) to base 16.
-2eac78
What is 13322640 (base 7) in base 4?
10230331101
-20001102002 (base 3) to base 2
-11101000101010110
13525215 (base 6) to base 4
1300323023
b2c72 (base 16) to base 4
2302301302
150750 (base 11) to base 3
102221120120
-2855242 (base 9) to base 6
-53405232
Convert 1199720 (base 10) to base 13.
3300c2
What is -102735 (base 12) in base 7?
-2103410
Convert 132739 (base 12) to base 2.
1001101000010011101
-123040 (base 5) to base 13
-222c
What is 65148 (base 14) in base 6?
5123500
What is 1b16c (base 13) in base 14?
1544b
a91a28 (base 12) to base 7
31523000
Convert -1030101332 (base 4) to base 7.
-2440631
Convert dca9 (base 16) to base 3.
2212111012
What is -15004255 (base 8) in base 3?
-20102020202202
What is -a2ab49 (base 13) in base 5?
-1432401232
What is -7c038a (base 14) in base 8?
-20076646
21dc9 (base 15) to base 2
11010010011011011
What is 3101231001 (base 4) in base 8?
3215501
What is 3434340 (base 7) in base 3?
210210101010
2213123212 (base 4) to base 16
a76e6
130211300 (base 4) to base 6
2302052
Convert -349594a (base 12) to base 14.
-14c2d2a
What is 5404938 (base 12) in base 13?
33bb50b
Convert 125648 (base 10) to base 3.
20101100122
Convert -4135578 (base 11) to base 12.
-253b857
-5789225 (base 12) to base 4
-1000102213331
197a364 (base 12) to base 15
716877
Convert 1c01a3 (base 14) to base 2.
11110011111011110011
Convert -1b26940 (base 13) to base 6.
-520311313
What is 201221002022011 (base 3) in base 4?
220121232130
160352 (base 8) to base 13
20291
What is a652b (base 13) in base 12?
12550a
Convert 14463020 (base 7) to base 9.
2527565
What is 994686 (base 12) in base 10?
2433990
-2737284 (base 10) to base 3
-12011001211220
bb168 (base 14) to base 4
1232212320
395a55 (base 12) to base 9
1686822
What is 204233023 (base 5) in base 10?
852263
-3564511 (base 10) to base 2
-1101100110001111011111
-110128 (base 12) to base 16
-41db0
What is -4243210 (base 5) in base 16?
-11800
-14bda6 (base 16) to base 2
-101001011110110100110
3131103233 (base 4) to base 7
10463540
Convert 2020991 (base 10) to base 4.
13231121333
What is -14043301 (base 5) in base 10?
-143576
What is 101001000010110001 (base 2) in base 8?
510261
What is -bdea (base 16) in base 8?
-136752
Convert -1110000010011000111 (base 2) to base 16.
-704c7
What is -224553 (base 8) in base 14?
-1da67
What is -633556 (base 7) in base 10?
-109360
101110111100001001000010 (base 2) to base 14
18c445c
7831a35 (base 11) to base 8
64313635
Convert 21461 (base 8) to base 16.
2331
What is 18ee62 (base 16) in base 15?
2241b0
-291158 (base 11) to base 6
-13432134
10c679 (base 15) to base 4
3003220323
-4b7858 (base 12) to base 16
-12df04
Convert 62602131 (base 7) to base 5.
2322400110
What is -1111000100110001 (base 2) in base 16?
-f131
-3056713 (base 8) to base 6
-25212015
Convert -687a09 (base 12) to base 5.
-412004200
3952a29 (base 11) to base 15
902085
-22252242 (base 8) to base 10
-4805794
What is -11102012 (base 4) in base 9?
-32612
Convert 1133101132 (base 4) to base 8.
1372136
-303302221 (base 4) to base 2
-110011110010101001
Convert -ea1c62 (base 15) to base 10.
-11143667
3503131 (base 7) to base 10
438082
What is -97b5 (base 13) in base 2?
-101001001110000
What is -6632541 (base 7) in base 9?
-1471743
Convert -321332212210 (base 4) to base 3.
-1001121011121011
Convert 13341244 (base 5) to base 7.
1110430
What is 52124050 (base 6) in base 14?
2b22aa
-203331132022 (base 4) to base 13
-1c50a06
1672b0 (base 12) to base 2
1011110001011100100
What is -19453e (base 15) in base 4?
-10230031310
101020310 (base 5) to base 3
202201002120
Convert -875883 (base 10) to base 3.
-1122111111010
Convert 10001101011001110 (base 2) to base 3.
10200022102
What is -32620 (base 8) in base 9?
-20725
-545754 (base 8) to base 12
-8a090
-4139d0 (base 16) to base 11
-245a667
What is -1113154 (base 7) in base 3?
-21000021011
-607a (base 11) to base 5
-224243
What is 769139 (base 14) in base 7?
46112502
What is -240a5 (base 15) in base 14?
-2dc37
Convert -1ca375 (base 13) to base 7.
-6155342
-7c6f (base 16) to base 7
-161605
aec8c (base 16) to base 15
e21cb
What is 2340412 (base 6) in base 5?
12400401
What is -121002102122222 (base 3) in base 8?
-40475016
What is -29397 (base 15) in base 5?
-13214232
-41a28 (base 16) to base 14
-6dd8c
19ecd (base 15) to base 11
58406
What is 470b5 (base 12) in base 9?
154502
Convert -1013451 (base 7) to base 12.
-5a253
Con